rime?
False
Is 48675841 prime?
False
Is 7566569 a composite number?
True
Is 2719069 prime?
False
Is 19601599 composite?
False
Is 767279 a composite number?
False
Is 501682219 a prime number?
True
Is 39385897 a prime number?
True
Is 1543453 composite?
True
Is 3339379 a composite number?
True
Is 346169 prime?
True
Is 77090863 a prime number?
True
Is 4397983 composite?
False
Is 231946579 prime?
False
Is 23644297 a prime number?
False
Is 179537438 prime?
False
Is 140921147 a prime number?
True
Is 7931101 composite?
False
Is 225493687 a prime number?
False
Is 2469889 a prime number?
True
Is 53162231 composite?
False
Is 5658889 composite?
False
Is 17239879 composite?
False
Is 5819019 a prime number?
False
Is 4303149 a composite number?
True
Is 271709471 prime?
False
Is 1210861 prime?
False
Is 2941597 a composite number?
True
Is 69843273 a prime number?
False
Is 896347 a prime number?
True
Is 156707027 a prime number?
False
Is 511843 composite?
False
Is 160473613 a composite number?
False
Is 81750881 a prime number?
True
Is 20031203 a composite number?
True
Is 4557197 a composite number?
True
Is 13427231 composite?
False
Is 2774337 prime?
False
Is 23777843 composite?
False
Is 13047313 a prime number?
False
Is 2990497 composite?
False
Is 15045451 composite?
True
Is 213119 prime?
True
Is 637848247 a composite number?
True
Is 67141 a composite number?
False
Is 24324407 a composite number?
False
Is 20487131 composite?
True
Is 12395323 a prime number?
True
Is 1810167 a composite number?
True
Is 1828378 a prime number?
False
Is 4299781 a prime number?
False
Is 723144193 a prime number?
True
Is 151885309 a composite number?
False
Is 51933689 prime?
True
Is 3381662 a composite number?
True
Is 19565069 a prime number?
True
Is 1340273 a composite number?
True
Is 699463 prime?
True
Is 1237661 prime?
True
Is 32108041 composite?
True
Is 80498753 composite?
False
Is 391546133 a prime number?
False
Is 69592409 a prime number?
True
Is 11064047 prime?
False
Is 5112151 prime?
False
Is 126993379 prime?
True
Is 81396065 a prime number?
False
Is 270952163 prime?
True
Is 120610031 composite?
False
Is 9245573 composite?
True
Is 16260661 a prime number?
True
Is 57794491 composite?
False
Is 51228379 prime?
False
Is 397043107 a prime number?
True
Is 121888397 prime?
False
Is 14125093 a prime number?
False
Is 34262779 a prime number?
False
Is 786853 a composite number?
True
Is 650549 a prime number?
True
Is 3916058 prime?
False
Is 4072021 a prime number?
False
Is 5174593 a composite number?
True
Is 14150905 prime?
False
Is 885331 composite?
False
Is 128425911 a composite number?
True
Is 739807 a prime number?
False
Is 491970821 prime?
True
Is 2500657 composite?
True
Is 122371037 composite?
True
Is 154868749 prime?
False
Is 2520235 a composite number?
True
Is 28979537 a composite number?
False
Is 2543381 a prime number?
True
Is 26815927 prime?
False
Is 4171199 a composite number?
True
Is 7992505 prime?
False
Is 253058233 a prime number?
True
Is 536398003 a prime number?
True
Is 22819847 composite?
True
Is 2303563 prime?
True
Is 20052623 a composite number?
False
Is 51545341 a prime number?
True
Is 26974819 composite?
False
Is 31228293 prime?
False
Is 1340237 prime?
True
Is 95919897 a composite number?
True
Is 97507589 composite?
True
Is 648955961 composite?
True
Is 17289757 composite?
False
Is 32191781 composite?
False
Is 206211417 composite?
True
Is 21984971 a prime number?
False
Is 10635623 composite?
True
Is 14931841 composite?
False
Is 15482531 composite?
False
Is 6955055 a prime number?
False
Is 215656999 a prime number?
True
Is 201672335 a prime number?
False
Is 11127539 a prime number?
True
Is 19935079 a composite number?
False
Is 91457461 composite?
True
Is 12700033 composite?
True
Is 212944847 composite?
False
Is 7753787 a prime number?
True
Is 8057209 a prime number?
False
Is 251579021 a prime number?
False
Is 9186971 composite?
False
Is 807467 prime?
False
Is 2271691 composite?
True
Is 13633573 composite?
False
Is 10220831 composite?
True
Is 92747 prime?
False
Is 1740547 a prime number?
False
Is 4156819 a prime number?
True
Is 8429609 a composite number?
False
Is 826255163 composite?
False
Is 26807303 a prime number?
False
Is 7730101 a prime number?
True
Is 38112259 a prime number?
True
Is 1144915 prime?
False
Is 2954891 a prime number?
True
Is 178058677 composite?
False
Is 1046202603 a prime number?
False
Is 1439329 a composite number?
False
Is 218330999 composite?
False
Is 55244149 a prime number?
True
Is 68996411 a composite number?
True
Is 269251 prime?
True
Is 104197681 a composite number?
True
Is 3415801 a composite number?
True
Is 112705 a prime number?
False
Is 104780909 a composite number?
False
Is 29550929 a composite number?
True
Is 31535131 a prime number?
True
Is 5500603 a composite number?
True
Is 60345133 prime?
False
Is 445229 a prime number?
True
Is 23172203 composite?
False
Is 120617821 a prime number?
False
Is 209629 composite?
True
Is 14646457 prime?
False
Is 2384609 composite?
False
Is 57774239 prime?
True
Is 338347837 a prime number?
True
Is 40266197 a prime number?
True
Is 337511255 prime?
False
Is 128678651 composite?
True
Is 8815663 a composite number?
False
Is 3047801 composite?
True
Is 370523 composite?
True
Is 216905242 a composite number?
True
Is 122885281 a prime number?
True
Is 52343201 a prime number?
True
Is 7259267 a prime number?
True
Is 11446567 a prime number?
False
Is 5600267 a prime number?
False
Is 5093291 composite?
True
Is 898097 prime?
True
Is 8828558 prime?
False
Is 7495181 a prime number?
False
Is 12761921 a prime number?
True
Is 5737321 a prime number?
True
Is 6127162 composite?
True
Is 7675571 prime?
True
Is 32607647 a composite number?
False
Is 454609111 prime?
False
Is 487659 prime?
False
Is 48486337 composite?
False
Is 1039729 a prime number?
False
Is 714851321 a composite number?
True
Is 2573567 composite?
True
Is 204880537 a prime number?
False
Is 5564921 a prime number?
False
Is 6794409 prime?
False
Is 7543259 a prime number?
True
Is 366631 composite?
False
Is 674670167 a prime number?
False
Is 1169953 prime?
False
Is 167423 prime?
True
Is 2589085 a prime number?
False
Is 35386717 a composite number?
True
Is 2484659 composite?
True
Is 2260859 composite?
False
Is 28280599 composite?
False
Is 3658171 a prime number?
False
Is 1335419 composite?
True
Is 117863 composite?
True
Is 100132213 a prime number?
True
Is 2551591 a composite number?
True
Is 34988071 composite?
False
Is 7591711 composite?
False
Is 8181491 composite?
True
Is 722839 a prime number?
False
Is 73468001 prime?
True
Is 18540427 a prime number?
True
Is 7696951 a composite number?
False
Is 7455131 a prime number?
False
Is 2806439 a prime number?
True
Is 3982411 a composite number?
False
Is 28291331 a prime number?
False
Is 300293 a composite number?
True
Is 193369913 a prime number?
False
Is 65318107 composite?
True
Is 2787587 a prime number?
False
Is 9426317 a prime number?
False
Is 7909999 a composite number?
True
Is 23818703 prime?
True
Is 227224181 a composite number?
True
Is 9808243 a composite number?
False
Is 17847277 a composite number?
True
Is 1001554 prime?
False
Is 53450651 a composite number?
False
Is 2390323 composite?
True
Is 8096635 a prime number?
False
Is 97807 composite?
True
Is 45339717 a composite number?
True
Is 211784641 a composite number?
False
Is 2058031 composite?
False
Is 6501377 composite?
True
Is 31881197 a prime number?
False
Is 1305203 prime?
False
Is 6205987 prime?
False
Is 527567 prime?
False
Is 643037 a composite number?
True
Is 241937093 composite?
True
Is 4399327 composite?
False
Is 31801073 a prime number?
True
Is 66136255 prime?
False
Is 6987709 a prime number?
False
Is 1195669 a prime number?
True
Is 1038774029 a composite number?
False
Is 94888487 prime?
False
Is 95110931 composite?
False
Is 16640863 a composite number?
True
Is 4527374 a prime number?
False
Is 1028303 composite?
False
Is 939637 a prime number?
False
Is 412018 composite?
True
Is 563705 prime?
False
Is 1281001903 prime?
True
Is 17852831 prime?
False
Is 17709059 a prime number?
True
Is 1237121 a composite number?
False
Is 826033 a composite number?
True
Is 10508405 prime?
False
Is 1245511 a prime number?
False
Is 3150299 composite?
True
Is 5413593